remainder when 101691 is divided by 98947.
2744
What is the remainder when 5140394 is divided by 39541?
64
Calculate the remainder when 55355004 is divided by 1477.
1475
What is the remainder when 254224 is divided by 3794?
26
Calculate the remainder when 11464162 is divided by 260547.
94
What is the remainder when 40351688 is divided by 141?
26
What is the remainder when 7310756 is divided by 4221?
4205
What is the remainder when 518236 is divided by 586?
212
Calculate the remainder when 4276533 is divided by 24.
21
Calculate the remainder when 58552 is divided by 922.
466
Calculate the remainder when 161606898 is divided by 2891.
2889
What is the remainder when 469694 is divided by 39?
17
Calculate the remainder when 527921 is divided by 263925.
71
Calculate the remainder when 24613 is divided by 23113.
1500
What is the remainder when 21649167 is divided by 336?
15
What is the remainder when 644175 is divided by 214385?
1020
What is the remainder when 286505 is divided by 4904?
2073
Calculate the remainder when 145329447 is divided by 61.
58
What is the remainder when 185108 is divided by 786?
398
Calculate the remainder when 11188360 is divided by 162.
154
What is the remainder when 511211 is divided by 151?
76
What is the remainder when 244762 is divided by 751?
687
Calculate the remainder when 83962 is divided by 13953.
244
What is the remainder when 4211916 is divided by 70?
16
What is the remainder when 2229321 is divided by 108?
93
Calculate the remainder when 221984773 is divided by 231.
10
Calculate the remainder when 65938715 is divided by 36.
35
What is the remainder when 1257042 is divided by 49?
45
Calculate the remainder when 12859747 is divided by 6429867.
13
Calculate the remainder when 190223 is divided by 23717.
487
What is the remainder when 385652510 is divided by 224?
222
What is the remainder when 925208 is divided by 925184?
24
What is the remainder when 557344 is divided by 2332?
2328
What is the remainder when 347072 is divided by 21691?
16
What is the remainder when 37013 is divided by 2573?
991
Calculate the remainder when 26386 is divided by 942.
10
What is the remainder when 74946 is divided by 37452?
42
What is the remainder when 31111 is divided by 28438?
2673
What is the remainder when 45391336 is divided by 1774?
1772
Calculate the remainder when 53788 is divided by 13221.
904
Calculate the remainder when 2280526 is divided by 1578.
316
Calculate the remainder when 2363162 is divided by 26.
22
What is the remainder when 549744 is divided by 792?
96
What is the remainder when 150242088 is divided by 50080695?
3
Calculate the remainder when 115605641 is divided by 7141.
7133
What is the remainder when 143401195 is divided by 47800397?
4
Calculate the remainder when 2662106 is divided by 990.
986
Calculate the remainder when 1330859 is divided by 266160.
59
Calculate the remainder when 2006234 is divided by 91162.
670
What is the remainder when 241315623 is divided by 34473660?
3
Calculate the remainder when 43058687 is divided by 8611732.
27
What is the remainder when 2148132 is divided by 599?
118
Calculate the remainder when 104484 is divided by 11607.
21
What is the remainder when 272642 is divided by 316?
250
What is the remainder when 10489612 is divided by 298?
12
What is the remainder when 20029064 is divided by 813?
809
Calculate the remainder when 141749 is divided by 1493.
1407
What is the remainder when 6406492 is divided by 320324?
12
Calculate the remainder when 6281272 is divided by 270.
262
Calculate the remainder when 7555227 is divided by 1143.
1140
Calculate the remainder when 6198185 is divided by 107.
103
Calculate the remainder when 2546740 is divided by 8755.
7790
Calculate the remainder when 3344150 is divided by 2815.
2745
Calculate the remainder when 2139956 is divided by 123.
2
Calculate the remainder when 125922 is divided by 15343.
3178
Calculate the remainder when 46658941 is divided by 3332781.
7
What is the remainder when 84360702 is divided by 49?
48
What is the remainder when 5772293 is divided by 29?
17
Calculate the remainder when 6447454 is divided by 101.
18
What is the remainder when 1086120 is divided by 237?
186
What is the remainder when 27899 is divided by 241?
184
What is the remainder when 43002178 is divided by 390?
388
What is the remainder when 97241 is divided by 917?
39
What is the remainder when 331385 is divided by 82825?
85
Calculate the remainder when 182507 is divided by 90901.
705
What is the remainder when 5720661 is divided by 5922?
9
What is the remainder when 774115 is divided by 384?
355
Calculate the remainder when 627422 is divided by 89625.
47
What is the remainder when 1574371 is divided by 9048?
19
Calculate the remainder when 164240946 is divided by 2415308.
2
Calculate the remainder when 970679 is divided by 5012.
3363
Calculate the remainder when 747458 is divided by 624.
530
Calculate the remainder when 333526 is divided by 2903.
2584
Calculate the remainder when 28382616 is divided by 20.
16
What is the remainder when 15718567 is divided by 15114?
7
What is the remainder when 2345964 is divided by 920?
884
What is the remainder when 118780 is divided by 118566?
214
What is the remainder when 4941256 is divided by 1235312?
8
Calculate the remainder when 87963 is divided by 87.
6
Calculate the remainder when 415805 is divided by 103779.
689
Calculate the remainder when 3187328 is divided by 3398.
4
Calculate the remainder when 1187228 is divided by 2009.
1918
Calculate the remainder when 2224112 is divided by 85542.
20
Calculate the remainder when 170459 is divided by 85087.
285
What is the remainder when 20844 is divided by 898?
190
What is the remainder when 31113574 is divided by 566?
554
What is the remainder when 176478 is divided by 58820?
18
What is the remainder when 129518 is divided by 1126?
28
What is the remainder when 329057 is divided by 4537?
2393
Calculate the remainder when 10819522 is divided by 303.
301
Calculate the remainder when 14733211 is divided by 10196.
10187
Calculate the remainder when 67073408 is divided by 536587.
33
What is the remainder when 759477652 is divided by 28?
24
Calculate the remainder when 6239375 is divided by 1087.
1082
What is the remainder when 392455845 is divided by 3658?
3657
Calculate the remainder when 103107653 is divided by 3679.
3678
Calculate the remainder when 424024 is divided by 2451.
1
Calculate the remainder when 2330577 is divided by 21187.
7
Calculate the remainder when 37796948 is divided by 981.
980
What is the remainder when 1274532 is divided by 70807?
6
Calculate the remainder when 2137263 is divided by 73696.
79
What is the remainder when 799164 is divided by 903?
9
Calculate the remainder when 817213 is divided by 271165.
3718
Calculate the remainder when 8500153 is divided by 850015.
3
Calculate the remainder when 6271784 is divided by 213.
212
What is the remainder when 1630144 is divided by 95889?
31
What is the remainder when 6535138 is divided by 225?
13
Calculate the remainder when 293756 is divided by 147.
50
Calculate the remainder when 76188 is divided by 19.
17
Calculate the remainder when 36657735 is divided by 18328848.
39
Calculate the remainder when 1709265 is divided by 1689.
1686
Calculate the remainder when 6353931 is divided by 317696.
11
Calculate the remainder when 805604112 is divided by 9179.
9177
What is the remainder when 18906449 is divided by 482?
481
What is the remainder when 48381 is divided by 211?
62
Calculate the remainder when 3179813 is divided by 711.
221
Calculate the remainder when 3826257639 is divided by 10.
9
What is the remainder when 33207 is divided by 32645?
562
What is the remainder when 5252475 is divided by 216?
3
What is the remainder when 372367863 is divided by 136?
135
What is the remainder when 1417245 is divided by 4556?
329
Calculate the remainder when 23221169 is divided by 465.
464
Calculate the remainder when 2031166 is divided by 2154.
2098
Calculate the remainder when 9487402 is divided by 9265.
42
Calculate the remainder when 147810068 is divided by 284.
280
What is the remainder when 1359880 is divided by 13?
2
Calculate the remainder when 469773 is divided by 156590.
3
Calculate the remainder when 115157757 is